mmon factor of p and v?
14
Let a be (-5)/5*(-2 - 27). Let q(t) = t**2 - 7*t - 15. Let p be (-10)/25 - 72/20. Let o be q(p). What is the highest common factor of a and o?
29
Let g = 7216 - 7066. Calculate the greatest common factor of g and 5325.
75
Suppose 4*d - 3*d = 5. Suppose i + m - d*m = 88, -2*i + m = -169. Suppose 20*u = 18*u + i. What is the greatest common factor of u and 168?
42
Let a = 1356 + 272. Calculate the greatest common factor of 592 and a.
148
Suppose -9*m - 2*m - 3124 = 0. Let x be m/(-14) - (6 + (-160)/28). Calculate the highest common factor of x and 90.
10
Let g be -20*(((-594)/(-8))/11 + -6). Let l(u) = -17*u - 183. Let i be l(g). Calculate the greatest common factor of 198 and i.
18
Suppose -5*p = -t - 13, p - 7 = -2*t - 0. Suppose k - 4*r = -6*r - 19, -t*k - r - 35 = 0. Let a = k + 129. What is the greatest common factor of a and 42?
14
Let c be (3 - 10)/(-1*1). Suppose -c*a - 2*a = -9. Suppose a + 4 = s, s = -2*z + 93. What is the greatest common divisor of z and 132?
44
Let v be (-2)/(-5)*(-3)/(108/90). Let n be (-144)/(-2) - v*40/10. Let s = 29 + -10. Calculate the highest common factor of n and s.
19
Let j be (-2)/((6/5)/(-3)). Suppose -6*i - j*k = -11*i + 75, 2*i = 3*k + 30. Calculate the highest common divisor of 20 and i.
5
Let z be (-1 - (-4 - 9/(-3))) + 1620. Suppose -5*d = -r + 12 + 6, 3*d = 4*r - 72. Calculate the highest common divisor of r and z.
18
Let z be 2156/264*(-1)/(2/(-84)). Calculate the highest common divisor of 1764 and z.
49
Suppose -4*x = -4*r - 8, -r + 12 = 3*r + x. Suppose -r*v = 7*v + 432. Let h = 64 + v. Calculate the greatest common factor of h and 48.
16
Suppose 3*s - 197 = -2*i, -33*i - 212 = -3*s - 32*i. Let k = -162 + 185. What is the greatest common factor of k and s?
23
Let t be (2/(-4) + 2)/((-33)/(-88)). Suppose 0 = -4*j + 4*p + 452, -p - 182 = -t*j + 267. Let s be 16/4 + 13 - 3. What is the highest common factor of j and s?
14
Suppose -145*m = -1799 - 376. Let l = -13 - -8. Let c be (-222)/l + (-3)/(-5). Calculate the greatest common factor of m and c.
15
Suppose -42*n + 39*n = -5832. What is the greatest common factor of n and 288?
72
Let s = 23085 + -22647. Calculate the greatest common factor of s and 2336.
146
Let t = -32 + 29. Let h be 4*(t + (-99)/(-12) + 1). Let f = -14 + 29. Calculate the highest common factor of f and h.
5
Let m = -98 - -212. Suppose 2*n - 10 = -2, b + 4*n = m. What is the highest common divisor of 28 and b?
14
Suppose 6*x - 61*x = 27*x - 2624. What is the greatest common factor of 4432 and x?
16
Let g = -4 + 9. Let s(c) = -31*c + 16. Let a be s(-1). Let h = g + a. Calculate the highest common divisor of h and 4.
4
Let k = -7595 + 7611. Calculate the greatest common factor of k and 112.
16
Suppose 8*n + 27*n = 23030. Calculate the greatest common factor of n and 94.
94
Let g(i) = 7*i + 180. Let b be g(-23). Let o be (-3)/((-6)/88)*(-2622)/(-552). What is the highest common factor of o and b?
19
Suppose -2*q + 2913 - 791 = -n, -6*n + 12 = 0. What is the greatest common factor of q and 18?
18
Suppose -185*h + 86*h = -6237. Let y(s) = -s**2 + 11*s - 9. Let o = 30 + -21. Let l be y(o). Calculate the highest common factor of h and l.
9
Suppose -230 = 11*m - 1682. Let a(s) = s**3 - 9*s**2 - 11*s + 13. Let q be a(10). Let f be 46 + (-3 - 3)/q. Calculate the greatest common factor of f and m.
44
Let c(k) = 108*k**2 - 2237*k + 78. Let p be c(30). Calculate the greatest common factor of p and 36.
36
Let b(c) = c**3 - 11*c**2 - 15*c + 167. Let p be b(11). What is the highest common divisor of 151 and p?
1
Suppose -8 + 29 = 3*x. Suppose x*d = 3*d + l + 1510, 4*l = -3*d + 1123. Calculate the highest common divisor of d and 87.
29
Let d = -144 + 258. Suppose 6*p = 5*p - d. Let a = p - -204. What is the highest common divisor of a and 10?
10
Suppose -s = -3*s + 352. Let d be (105/20)/(-7)*1336 - 0. Let y = d + 1018. What is the highest common divisor of y and s?
16
Suppose 0 = 2*j - 3*o - 1073, -2*j + 534 = -j - 2*o. Suppose 0 = g - 38*g - 44*g + 2754. Calculate the greatest common divisor of g and j.
34
Suppose d + 2*b = -32 - 47, b + 227 = -3*d. Let y = d + 490. Calculate the highest common divisor of y and 5.
5
Let i be 3/(-2)*-2 - (56 - 57). Suppose 0 = -4*l + j + 173, 5*l + i*j - 44 = 188. What is the greatest common divisor of l and 352?
44
Suppose 14*s - 18*s + 960 = 0. Suppose -36*i + 40*i - s = 0. Calculate the greatest common factor of i and 20.
20
Suppose -22*n - 1640 = -3113 - 7679. What is the highest common divisor of 32 and n?
32
Suppose -19*j + 19500 = 168*j + 138*j. Calculate the highest common factor of j and 9320.
20
Let x be -1 - (0 - 4) - 407. Let g be x/(-2) + 0/(15/3). Suppose -3*d = -2*m - 2*d + 142, 0 = -3*m - 4*d + g. Calculate the highest common divisor of m and 28.
14
Let n = -76 + 226. Suppose -4*i + 5*v - 139 - 42 = 0, -n = 3*i + v. Let c = i + 81. What is the highest common divisor of c and 112?
16
Let i(w) = 546*w + 1828. Let o be i(45). What is the highest common factor of 67 and o?
67
Let q(c) = -2*c**3 - 77*c**2 - 36*c + 60. Let r be q(-38). Let g be (0 - -2) + (-4 - (r - 6)). What is the highest common factor of 45 and g?
5
Let f(h) = 111*h - 270*h + 55*h**2 + 119 + h**3 + 99*h + 115*h. Let q be f(-54). Calculate the greatest common factor of 325 and q.
65
Suppose 0 = 5*t - 331 + 46. Suppose -2*j = 2*d - 76, -j + t - 11 = 5*d. Suppose -1806 + 4329 = 137*f - 9807. What is the greatest common divisor of j and f?
18
Let g = -33 + 117. Suppose -d = -3*n - 0*d + 104, 2*n + 3*d = g. Calculate the highest common divisor of 36 and n.
36
Let a be 1*14*860/903*54/10. Let r(h) = h**2 - h + 4. Let p be r(5). What is the highest common divisor of a and p?
24
Suppose -6*n = -3*n - 15. Let i be n/(-5) + (33 - 1). Let t = 451 + -172. What is the highest common factor of t and i?
31
Let v be (-3 + 2)/3 - (-260)/60. Suppose 0 = 4*r + 3*z - 438, 5*z - 5 - 5 = 0. What is the highest common divisor of r and v?
4
Suppose 5*c - 4*w = 1202, -168*c + 170*c = 2*w + 480. Calculate the greatest common factor of c and 286.
22
Let c be 55 + (-22)/(-18) + 38/(-171). Suppose c = 2*h + 3*r + r, -5*h + 65 = -5*r. Calculate the greatest common factor of 18 and h.
18
Let y be (-1 - 10)/((-5)/15). Suppose 17132 = -279*o + 284135. What is the greatest common divisor of o and y?
33
Let d(o) = -4*o**2 - 11*o + 86. Let s(m) = -m**2 - 4*m + 29. Let c(j) = -2*d(j) + 7*s(j). Let h be c(0). What is the highest common factor of h and 620?
31
Let x = 11 + -6. Suppose 30*h + 201 = -879. Let z be (h + 30)*(1 - 23/3). Calculate the greatest common divisor of z and x.
5
Suppose -8*c + 11*c = -h + 8464, -h - 4*c + 8467 = 0. Calculate the highest common factor of 190 and h.
95
Let g be 48/216 - (-940)/(-18). Let z = 156 + g. Let i = -102 + z. Calculate the highest common divisor of 4 and i.
2
Suppose -5*b - 235 = -265. What is the greatest common factor of b and 1137?
3
Suppose 0 = -y + 11 + 19. Let d be 2/10 - ((-414)/y - -5). Let i be (6/(4/2))/(d/63). Calculate the highest common divisor of i and 3.
3
Suppose -152*t - 631 = -2607. Suppose 2*d - 884 = -2*d. Calculate the highest common divisor of d and t.
13
Let p = 333 + -330. Let c be 10/50*(28 - p). Calculate the greatest common divisor of c and 2.
1
Let w = 2443 + -2409. What is the greatest common divisor of 3043 and w?
17
Suppose 33*b = b + 1856. Calculate the greatest common factor of b and 16.
2
Let d = -100 - -103. Suppose 0 = 77*w - 81*w - 144. Let h be (-404)/w*3 - (-4)/(-6). Calculate the highest common factor of d and h.
3
Let w(n) = 11*n**2 + 6*n + 19. Let y be w(-8). Calculate the greatest common factor of y and 189.
27
Let b be ((-6)/(-7))/(20/2380). Let m be -5 + (-9 - -9) + b/2. What is the highest common factor of 230 and m?
46
Suppose -11*r + 6868 = 285*r + 1244. Suppose 2*n = n + 361. What is the highest common factor of r and n?
19
Let w(a) = a**3 + 7*a**2 + a + 7. Let v be w(-7). Suppose 4*i + v*i = 80. Let g = -374 - -378. What is the highest common factor of g and i?
4
Suppose -17868 = -63*y - 3693. What is the greatest common factor of 645 and y?
15
Suppose -52*h + 70720 = -35*h. What is the greatest common divisor of h and 390?
130
Let q(y) = 17*y**2 - 2*y - 25. Suppose 14*f = -27 - 29. Let a be q(f).